{"id":916,"date":"2024-12-10T09:20:40","date_gmt":"2024-12-10T09:20:40","guid":{"rendered":"https:\/\/fhestudio.es\/?page_id=916"},"modified":"2025-01-09T09:55:03","modified_gmt":"2025-01-09T09:55:03","slug":"proyectos","status":"publish","type":"page","link":"https:\/\/fhestudio.es\/index.php\/proyectos\/","title":{"rendered":"Proyectos"},"content":{"rendered":"<p>[vc_row gap=\u00bb30&#8243; equal_height=\u00bbyes\u00bb el_class=\u00bbno-margin full-width special\u00bb css=\u00bb.vc_custom_1736416336182{margin-right: 30px !important;margin-left: 30px !important;}\u00bb][vc_column][vc_row_inner gap=\u00bb30&#8243;][vc_column_inner width=\u00bb1\/3&#8243;][vc_single_image image=\u00bb962&#8243; img_size=\u00bb800&#215;300&#8243; alignment=\u00bbcenter\u00bb onclick=\u00bbcustom_link\u00bb link=\u00bbhttps:\/\/fhestudio.es\/index.php\/proyectos\/paseo\/\u00bb][\/vc_column_inner][vc_column_inner width=\u00bb1\/2&#8243;][vc_column_text css=\u00bb.vc_custom_1736416376180{margin-top: 0px !important;margin-left: 20px !important;}\u00bb]<span style=\"font-size: small;\">PASEO <\/span><br \/>\n<span style=\"font-size: small;\">REFORMA INTEGRAL DE VIVIENDA UNIFAMILIAR<\/span>[\/vc_column_text][\/vc_column_inner][\/vc_row_inner][vc_row_inner gap=\u00bb30&#8243;][vc_column_inner width=\u00bb1\/3&#8243;][vc_single_image image=\u00bb594&#8243; img_size=\u00bb800&#215;300&#8243; alignment=\u00bbcenter\u00bb onclick=\u00bbcustom_link\u00bb link=\u00bbhttps:\/\/fhestudio.es\/index.php\/proyectos\/arena\/\u00bb][\/vc_column_inner][vc_column_inner width=\u00bb1\/2&#8243;][vc_column_text css=\u00bb.vc_custom_1736416391784{margin-left: 20px !important;}\u00bb]<span style=\"font-size: small;\">ARENA <\/span><br \/>\n<span style=\"font-size: small;\">INTERIORISMO DE LOFT CON DOBLE ALTURA<\/span>[\/vc_column_text][\/vc_column_inner][\/vc_row_inner][vc_row_inner gap=\u00bb30&#8243;][vc_column_inner width=\u00bb1\/3&#8243;][vc_single_image image=\u00bb490&#8243; img_size=\u00bb800&#215;300&#8243; alignment=\u00bbcenter\u00bb onclick=\u00bbcustom_link\u00bb link=\u00bbhttps:\/\/fhestudio.es\/index.php\/proyectos\/mar\/\u00bb][\/vc_column_inner][vc_column_inner width=\u00bb1\/2&#8243;][vc_column_text css=\u00bb.vc_custom_1736416416983{margin-left: 20px !important;}\u00bb]<span style=\"font-size: small;\">MAR<\/span><br \/>\n<span style=\"font-size: small;\">PROYECTO DE INTERIORISMO Y REFORMA INTEGRAL<\/span>[\/vc_column_text][\/vc_column_inner][\/vc_row_inner][vc_row_inner gap=\u00bb30&#8243;][vc_column_inner width=\u00bb1\/3&#8243;][vc_single_image image=\u00bb147&#8243; img_size=\u00bb800&#215;300&#8243; alignment=\u00bbcenter\u00bb onclick=\u00bbcustom_link\u00bb link=\u00bbhttps:\/\/fhestudio.es\/index.php\/proyectos\/torre-en-conill\/\u00bb][\/vc_column_inner][vc_column_inner width=\u00bb1\/2&#8243;][vc_column_text css=\u00bb.vc_custom_1736416437734{margin-left: 20px !important;}\u00bb]<span style=\"font-size: small;\">TORRE <\/span><br \/>\n<span style=\"font-size: small;\">DISE\u00d1O ARQUITECT\u00d3NICO DE OBRA NUEVA E INTERIORISMO<\/span>[\/vc_column_text][\/vc_column_inner][\/vc_row_inner][vc_row_inner gap=\u00bb30&#8243;][vc_column_inner width=\u00bb1\/3&#8243;][vc_single_image image=\u00bb549&#8243; img_size=\u00bb800&#215;300&#8243; alignment=\u00bbcenter\u00bb onclick=\u00bbcustom_link\u00bb link=\u00bbhttps:\/\/fhestudio.es\/index.php\/proyectos\/pau\/\u00bb][\/vc_column_inner][vc_column_inner width=\u00bb1\/2&#8243;][vc_column_text css=\u00bb.vc_custom_1736416456561{margin-left: 20px !important;}\u00bb]<span style=\"font-size: small;\">PAU <\/span><br \/>\n<span style=\"font-size: small;\">PROYECTO DE REFORMA, DECORACI\u00d3N Y MOBILIARIO<\/span>[\/vc_column_text][\/vc_column_inner][\/vc_row_inner][vc_row_inner gap=\u00bb30&#8243;][vc_column_inner width=\u00bb1\/3&#8243;][vc_single_image image=\u00bb1036&#8243; img_size=\u00bb800&#215;300&#8243; alignment=\u00bbcenter\u00bb onclick=\u00bbcustom_link\u00bb link=\u00bbhttps:\/\/fhestudio.es\/index.php\/proyectos\/benavente\/\u00bb][\/vc_column_inner][vc_column_inner width=\u00bb1\/2&#8243;][vc_column_text css=\u00bb.vc_custom_1736416470274{margin-left: 20px !important;}\u00bb]<span style=\"font-size: small;\">BENAVENTE<\/span><br \/>\n<span style=\"font-size: small;\">DISE\u00d1O ARQUITECT\u00d3NICO DE OBRA NUEVA Y DECORACI\u00d3N<\/span>[\/vc_column_text][\/vc_column_inner][\/vc_row_inner][vc_row_inner gap=\u00bb30&#8243;][vc_column_inner width=\u00bb1\/3&#8243;][vc_single_image image=\u00bb139&#8243; img_size=\u00bb800&#215;300&#8243; alignment=\u00bbcenter\u00bb onclick=\u00bbcustom_link\u00bb link=\u00bbhttps:\/\/fhestudio.es\/index.php\/proyectos\/orriols\/\u00bb][\/vc_column_inner][vc_column_inner width=\u00bb1\/2&#8243;][vc_column_text css=\u00bb.vc_custom_1736416483016{margin-left: 20px !important;}\u00bb]<span style=\"font-size: small;\">ORRIOLS <\/span><br \/>\n<span style=\"font-size: small;\">UNIFICAR ESPACIOS PARA GANAR AMPLITUD<\/span>[\/vc_column_text][\/vc_column_inner][\/vc_row_inner][vc_row_inner gap=\u00bb30&#8243;][vc_column_inner width=\u00bb1\/3&#8243;][vc_single_image image=\u00bb983&#8243; img_size=\u00bb800&#215;300&#8243; alignment=\u00bbcenter\u00bb onclick=\u00bbcustom_link\u00bb link=\u00bbhttps:\/\/fhestudio.es\/index.php\/proyectos\/maestro-sosa\/\u00bb][\/vc_column_inner][vc_column_inner width=\u00bb1\/2&#8243;][vc_column_text css=\u00bb.vc_custom_1736416499126{margin-left: 20px !important;}\u00bb]<span style=\"font-size: small;\">MAESTRO <\/span><br \/>\n<span style=\"font-size: small;\">ESTUDIO Y DISE\u00d1O PARA LA RECUPERACI\u00d3N DE LUZ NATURAL<\/span>[\/vc_column_text][\/vc_column_inner][\/vc_row_inner][\/vc_column][\/vc_row]<\/p>\n","protected":false},"excerpt":{"rendered":"<p>[vc_row gap=\u00bb30&#8243; equal_height=\u00bbyes\u00bb el_class=\u00bbno-margin full-width special\u00bb css=\u00bb.vc_custom_1736416336182{margin-right: 30px !important;margin-left: 30px !important;}\u00bb][vc_column][vc_row_inner gap=\u00bb30&#8243;][vc_column_inner width=\u00bb1\/3&#8243;][vc_single_image image=\u00bb962&#8243; img_size=\u00bb800&#215;300&#8243; alignment=\u00bbcenter\u00bb onclick=\u00bbcustom_link\u00bb link=\u00bbhttps:\/\/fhestudio.es\/index.php\/proyectos\/paseo\/\u00bb][\/vc_column_inner][vc_column_inner width=\u00bb1\/2&#8243;][vc_column_text css=\u00bb.vc_custom_1736416376180{margin-top: 0px !important;margin-left: 20px !important;}\u00bb]PASEO REFORMA INTEGRAL DE VIVIENDA UNIFAMILIAR[\/vc_column_text][\/vc_column_inner][\/vc_row_inner][vc_row_inner gap=\u00bb30&#8243;][vc_column_inner width=\u00bb1\/3&#8243;][vc_single_image image=\u00bb594&#8243; img_size=\u00bb800&#215;300&#8243; alignment=\u00bbcenter\u00bb onclick=\u00bbcustom_link\u00bb link=\u00bbhttps:\/\/fhestudio.es\/index.php\/proyectos\/arena\/\u00bb][\/vc_column_inner][vc_column_inner width=\u00bb1\/2&#8243;][vc_column_text css=\u00bb.vc_custom_1736416391784{margin-left: 20px !important;}\u00bb]ARENA INTERIORISMO DE LOFT CON DOBLE ALTURA[\/vc_column_text][\/vc_column_inner][\/vc_row_inner][vc_row_inner gap=\u00bb30&#8243;][vc_column_inner width=\u00bb1\/3&#8243;][vc_single_image image=\u00bb490&#8243; img_size=\u00bb800&#215;300&#8243; alignment=\u00bbcenter\u00bb onclick=\u00bbcustom_link\u00bb link=\u00bbhttps:\/\/fhestudio.es\/index.php\/proyectos\/mar\/\u00bb][\/vc_column_inner][vc_column_inner width=\u00bb1\/2&#8243;][vc_column_text css=\u00bb.vc_custom_1736416416983{margin-left: &hellip;<\/p>\n","protected":false},"author":1,"featured_media":0,"parent":0,"menu_order":1,"comment_status":"closed","ping_status":"closed","template":"blank-page.php","meta":{"inline_featured_image":false,"footnotes":""},"class_list":["post-916","page","type-page","status-publish","hentry"],"aioseo_notices":[],"_links":{"self":[{"href":"https:\/\/fhestudio.es\/index.php\/wp-json\/wp\/v2\/pages\/916","targetHints":{"allow":["GET"]}}],"collection":[{"href":"https:\/\/fhestudio.es\/index.php\/wp-json\/wp\/v2\/pages"}],"about":[{"href":"https:\/\/fhestudio.es\/index.php\/wp-json\/wp\/v2\/types\/page"}],"author":[{"embeddable":true,"href":"https:\/\/fhestudio.es\/index.php\/wp-json\/wp\/v2\/users\/1"}],"replies":[{"embeddable":true,"href":"https:\/\/fhestudio.es\/index.php\/wp-json\/wp\/v2\/comments?post=916"}],"version-history":[{"count":56,"href":"https:\/\/fhestudio.es\/index.php\/wp-json\/wp\/v2\/pages\/916\/revisions"}],"predecessor-version":[{"id":1040,"href":"https:\/\/fhestudio.es\/index.php\/wp-json\/wp\/v2\/pages\/916\/revisions\/1040"}],"wp:attachment":[{"href":"https:\/\/fhestudio.es\/index.php\/wp-json\/wp\/v2\/media?parent=916"}],"curies":[{"name":"wp","href":"https:\/\/api.w.org\/{rel}","templated":true}]}}